List the prime factors of 5448.
2, 3, 227
List the prime factors of 1084.
2, 271
What are the prime factors of 36466?
2, 18233
What are the prime factors of 87712?
2, 2741
List the prime factors of 870.
2, 3, 5, 29
What are the prime factors of 1038?
2, 3, 173
List the prime factors of 56539.
7, 41, 197
List the prime factors of 25160.
2, 5, 17, 37
What are the prime factors of 5356?
2, 13, 103
What are the prime factors of 310?
2, 5, 31
What are the prime factors of 1127?
7, 23
What are the prime factors of 891?
3, 11
List the prime factors of 5731.
11, 521
List the prime factors of 19283.
11, 1753
List the prime factors of 6092.
2, 1523
What are the prime factors of 406?
2, 7, 29
List the prime factors of 64426.
2, 32213
List the prime factors of 140195.
5, 11, 2549
List the prime factors of 15680.
2, 5, 7
What are the prime factors of 3740?
2, 5, 11, 17
List the prime factors of 149680.
2, 5, 1871
What are the prime factors of 46022?
2, 23011
What are the prime factors of 8223?
3, 2741
List the prime factors of 107324.
2, 7, 3833
What are the prime factors of 1001?
7, 11, 13
What are the prime factors of 4189?
59, 71
What are the prime factors of 1174?
2, 587
List the prime factors of 2811.
3, 937
What are the prime factors of 1011?
3, 337
List the prime factors of 21140.
2, 5, 7, 151
What are the prime factors of 2454?
2, 3, 409
List the prime factors of 6383.
13, 491
List the prime factors of 30525.
3, 5, 11, 37
List the prime factors of 36361.
13, 2797
List the prime factors of 108347.
108347
What are the prime factors of 13581?
3, 503
List the prime factors of 1098.
2, 3, 61
What are the prime factors of 1890?
2, 3, 5, 7
List the prime factors of 2252.
2, 563
What are the prime factors of 358?
2, 179
What are the prime factors of 13955?
5, 2791
List the prime factors of 835.
5, 167
List the prime factors of 1875.
3, 5
List the prime factors of 16926.
2, 3, 7, 13, 31
List the prime factors of 11095.
5, 7, 317
List the prime factors of 16814.
2, 7, 1201
List the prime factors of 18234.
2, 3, 1013
List the prime factors of 181.
181
What are the prime factors of 2572?
2, 643
What are the prime factors of 112153?
112153
What are the prime factors of 2149?
7, 307
What are the prime factors of 10425?
3, 5, 139
What are the prime factors of 871?
13, 67
What are the prime factors of 2280?
2, 3, 5, 19
List the prime factors of 9079.
7, 1297
What are the prime factors of 68786?
2, 163, 211
List the prime factors of 2101.
11, 191
What are the prime factors of 1101?
3, 367
What are the prime factors of 170?
2, 5, 17
What are the prime factors of 14560?
2, 5, 7, 13
What are the prime factors of 727?
727
List the prime factors of 25250.
2, 5, 101
What are the prime factors of 1299?
3, 433
List the prime factors of 56185.
5, 17, 661
List the prime factors of 33706.
2, 19, 887
List the prime factors of 779.
19, 41
List the prime factors of 26766.
2, 3, 1487
What are the prime factors of 41141?
41141
What are the prime factors of 2602?
2, 1301
What are the prime factors of 1059?
3, 353
List the prime factors of 6823.
6823
List the prime factors of 32305.
5, 7, 13, 71
List the prime factors of 21005.
5, 4201
What are the prime factors of 31665?
3, 5, 2111
List the prime factors of 11519.
11519
List the prime factors of 1539.
3, 19
List the prime factors of 6620.
2, 5, 331
List the prime factors of 38045.
5, 7, 1087
List the prime factors of 702.
2, 3, 13
What are the prime factors of 163?
163
List the prime factors of 94658.
2, 19, 47, 53
What are the prime factors of 77000?
2, 5, 7, 11
List the prime factors of 29313.
3, 3257
What are the prime factors of 12452?
2, 11, 283
What are the prime factors of 20688?
2, 3, 431
What are the prime factors of 2191?
7, 313
What are the prime factors of 68031?
3, 7559
List the prime factors of 2334.
2, 3, 389
What are the prime factors of 8406?
2, 3, 467
What are the prime factors of 2572?
2, 643
What are the prime factors of 17275?
5, 691
List the prime factors of 499.
499
What are the prime factors of 19283?
11, 1753
List the prime factors of 34512.
2, 3, 719
What are the prime factors of 957?
3, 11, 29
What are the prime factors of 5774?
2, 2887
List the prime factors of 47020.
2, 5, 2351
List the prime factors of 3849.
3, 1283
List the prime factors of 13244.
2, 7, 11, 43
List the prime factors of 397.
397
What are the prime factors of 6341?
17, 373
List the prime factors of 51.
3, 17
List the prime factors of 490.
2, 5, 7
List the prime factors of 27117.
3, 23, 131
List the prime factors of 461.
461
List the prime factors of 3173.
19, 167
List the prime factors of 964.
2, 241
List the prime factors of 10646.
2, 5323
What are the prime factors of 511?
7, 73
What are the prime factors of 4764?
2, 3, 397
What are the prime factors of 23179?
13, 1783
List the prime factors of 13391.
7, 1913
List the prime factors of 4348.
2, 1087
What are the prime factors of 134242?
2, 67121
List the prime factors of 142903.
142903
List the prime factors of 1121.
19, 59
List the prime factors of 38563.
7, 787
List the prime factors of 3570.
2, 3, 5, 7, 17
List the prime factors of 3195.
3, 5, 71
List the prime factors of 53284.
2, 7, 11, 173
List the prime factors of 61678.
2, 30839
List the prime factors of 3048.
2, 3, 127
What are the prime factors of 12460?
2, 5, 7, 89
List the prime factors of 409.
409
List the prime factors of 132799.
41, 79
What are the prime factors of 115304?
2, 7, 29, 71
List the prime factors of 137.
137
List the prime factors of 52497.
3, 19, 307
List the prime factors of 1709.
1709
List the prime factors of 105810.
2, 3, 5, 3527
What are the prime factors of 37848?
2, 3, 19, 83
List the prime factors of 37651.
23, 1637
List the prime factors of 7324.
2, 1831
What are the prime factors of 58?
2, 29
List the prime factors of 14309.
41, 349
What are the prime factors of 55935?
3, 5, 11, 113
List the prime factors of 31994.
2, 17, 941
List the prime factors of 1815.
3, 5, 11
What are the prime factors of 95787?
3, 29, 367
What are the prime factors of 5675?
5, 227
List the prime factors of 15927.
3, 5309
List the prime factors of 44629.
13, 3433
List the prime factors of 1079.
13, 83
What are the prime factors of 2995?
5, 599
List the prime factors of 59675.
5, 7, 11, 31
What are the prime factors of 1095?
3, 5, 73
List the prime factors of 920.
2, 5, 23
What are the prime factors of 11608?
2, 1451
What are the prime factors of 447?
3, 149
List the prime factors of 7624.
2, 953
List the prime factors of 48035.
5, 13, 739
List the prime factors of 20450.
2, 5, 409
What are the prime factors of 3858?
2, 3, 643
What are the prime factors of 3509?
11, 29
List the prime factors of 4590.
2, 3, 5, 17
What are the prime factors of 2284?
2, 571
List the prime factors of 746.
2, 373
List the prime factors of 2914.
2, 31, 47
List the prime factors of 75443.
37, 2039
List the prime factors of 2798.
2, 1399
What are the prime factors of 9807?
3, 7, 467
What are the prime factors of 10916?
2, 2729
List the prime factors of 68383.
7, 9769
What are the prime factors of 8362?
2, 37, 113
List the prime factors of 3164.
2, 7, 113
What are the prime factors of 23793?
3, 7, 11, 103
What are the prime factors of 26170?
2, 5, 2617
List the prime factors of 48271.
48271
What are the prime factors of 642?
2, 3, 107
What are the prime factors of 108478?
2, 73, 743
List the prime factors of 156481.
13, 12037
List the prime factors of 2865.
3, 5, 191
List the prime factors of 1440.
2, 3, 5
List the prime factors of 3741.
3, 29, 43
List the prime factors of 2018.
2, 1009
List the prime factors of 73360.
2, 5, 7, 131
List the prime factors of 868.
2, 7, 31
List the prime factors of 32208.
2, 3, 11, 61
What are the prime factors of 5495?
5, 7, 157
What are the prime factors of 1762?
2, 881
List the prime factors of 73994.
2, 36997
What are the prime factors of 2397?
3, 17, 47
List the prime factors of 24666.
2, 3, 4111
List the prime factors of 10381.
7, 1483
List the prime factors of 601.
601
List the prime factors of 771.
3, 257
List the prime factors of 1788.
2, 3, 149
List the prime factors of 2596.
2, 11, 59
List the prime factors of 5830.
2, 5, 11, 53
List the prime factors of 45991.
11, 37, 113
What are the prime factors of 1